{"id":3411,"date":"2026-03-03T12:49:52","date_gmt":"2026-03-03T11:49:52","guid":{"rendered":"https:\/\/kaasshop.net\/?page_id=3411"},"modified":"2026-03-04T13:38:20","modified_gmt":"2026-03-04T12:38:20","slug":"zuivelboeren-van-schier","status":"publish","type":"page","link":"https:\/\/kaasshop.net\/index.php\/zuivelboeren-van-schier\/","title":{"rendered":"Zuivelboeren van Schier"},"content":{"rendered":"\n<p class=\"has-background-alt-color has-text-color has-link-color wp-elements-9121344d2a2fdadf48d66990ea484f3c\">De zuivelboeren <a href=\"https:\/\/vanschier.nl\/\"><strong>van Schiermonnikoog<\/strong><\/a> hebben hart voor de natuur. Door hun veestapel met ruim \u00e9\u00e9n derde te verkleinen, cre\u00ebren ze meer balans tussen het boeren en de natuur. Want met minder koeien verlaagt de stikstofuitstoot en krijgt de natuur vleugels.<\/p>\n\n\n\n<p>De diversiteit aan planten en dieren groeit, passend bij het eilander landschap. En zo worden de polders van Schiermonnikoog n\u00f3g meer een paradijs voor weidevogels.<\/p>\n\n\n\n<p>Door zelf kaas te gaan maken en verkopen, halen boeren meer waarde uit hun melk. Zo kunnen de trotse zuivelboeren van Schiermonnikoog met minder vee t\u00f3ch boer blijven.<\/p>\n\n\n\n<p class=\"has-background-alt-color has-text-color has-link-color wp-elements-e16bde93244ba08b1f60add48eb51123\">In ons assortiment: <a href=\"https:\/\/kaasshop.net\/index.php\/product-categorie\/vanschier\/\"><strong>Monnikenwerk<\/strong>, <strong>Vrije Vogels<\/strong> en <strong>Wildpluk<\/strong><\/a><\/p>\n\n\n\n<figure class=\"wp-block-gallery has-nested-images columns-default is-cropped wp-block-gallery-1 is-layout-flex wp-block-gallery-is-layout-flex\">\n<figure class=\"wp-block-image size-large\"><img loading=\"lazy\" decoding=\"async\" width=\"1024\" height=\"705\" data-id=\"3006\" src=\"https:\/\/kaasshop.net\/wp-content\/uploads\/2026\/02\/DSC_7649-\u00a9-Romy-Dam-scaled-1-1024x705.jpg\" alt=\"\" class=\"wp-image-3006\" srcset=\"https:\/\/kaasshop.net\/wp-content\/uploads\/2026\/02\/DSC_7649-\u00a9-Romy-Dam-scaled-1-1024x705.jpg 1024w, https:\/\/kaasshop.net\/wp-content\/uploads\/2026\/02\/DSC_7649-\u00a9-Romy-Dam-scaled-1-300x206.jpg 300w, https:\/\/kaasshop.net\/wp-content\/uploads\/2026\/02\/DSC_7649-\u00a9-Romy-Dam-scaled-1-768x529.jpg 768w, https:\/\/kaasshop.net\/wp-content\/uploads\/2026\/02\/DSC_7649-\u00a9-Romy-Dam-scaled-1-1536x1057.jpg 1536w, https:\/\/kaasshop.net\/wp-content\/uploads\/2026\/02\/DSC_7649-\u00a9-Romy-Dam-scaled-1-2048x1410.jpg 2048w, https:\/\/kaasshop.net\/wp-content\/uploads\/2026\/02\/DSC_7649-\u00a9-Romy-Dam-scaled-1-600x413.jpg 600w\" sizes=\"auto, (max-width: 1024px) 100vw, 1024px\" \/><\/figure>\n\n\n\n<figure class=\"wp-block-image size-large\"><img loading=\"lazy\" decoding=\"async\" width=\"1024\" height=\"683\" data-id=\"3008\" src=\"https:\/\/kaasshop.net\/wp-content\/uploads\/2026\/02\/Van-Schier_2737-1024x683.jpg\" alt=\"\" class=\"wp-image-3008\" srcset=\"https:\/\/kaasshop.net\/wp-content\/uploads\/2026\/02\/Van-Schier_2737-1024x683.jpg 1024w, https:\/\/kaasshop.net\/wp-content\/uploads\/2026\/02\/Van-Schier_2737-300x200.jpg 300w, https:\/\/kaasshop.net\/wp-content\/uploads\/2026\/02\/Van-Schier_2737-768x512.jpg 768w, https:\/\/kaasshop.net\/wp-content\/uploads\/2026\/02\/Van-Schier_2737-1536x1024.jpg 1536w, https:\/\/kaasshop.net\/wp-content\/uploads\/2026\/02\/Van-Schier_2737-600x400.jpg 600w, https:\/\/kaasshop.net\/wp-content\/uploads\/2026\/02\/Van-Schier_2737.jpg 1800w\" sizes=\"auto, (max-width: 1024px) 100vw, 1024px\" \/><\/figure>\n\n\n\n<figure class=\"wp-block-image size-large\"><img loading=\"lazy\" decoding=\"async\" width=\"1024\" height=\"768\" data-id=\"3004\" src=\"https:\/\/kaasshop.net\/wp-content\/uploads\/2026\/02\/FAIKnfiWUAE6naj-1024x768.jpg\" alt=\"\" class=\"wp-image-3004\" srcset=\"https:\/\/kaasshop.net\/wp-content\/uploads\/2026\/02\/FAIKnfiWUAE6naj-1024x768.jpg 1024w, https:\/\/kaasshop.net\/wp-content\/uploads\/2026\/02\/FAIKnfiWUAE6naj-300x225.jpg 300w, https:\/\/kaasshop.net\/wp-content\/uploads\/2026\/02\/FAIKnfiWUAE6naj-768x576.jpg 768w, https:\/\/kaasshop.net\/wp-content\/uploads\/2026\/02\/FAIKnfiWUAE6naj-600x450.jpg 600w, https:\/\/kaasshop.net\/wp-content\/uploads\/2026\/02\/FAIKnfiWUAE6naj.jpg 1200w\" sizes=\"auto, (max-width: 1024px) 100vw, 1024px\" \/><\/figure>\n<\/figure>\n\n\n\n<hr class=\"wp-block-separator has-alpha-channel-opacity is-style-wide\"\/>\n\n\n\n<p><\/p>\n","protected":false},"excerpt":{"rendered":"<p>De zuivelboeren van Schiermonnikoog hebben hart voor de natuur. Door hun veestapel met ruim \u00e9\u00e9n derde te verkleinen, cre\u00ebren ze meer balans tussen het boeren en de natuur. Want met minder koeien verlaagt de stikstofuitstoot en krijgt de natuur vleugels. De diversiteit aan planten en dieren groeit, passend bij het eilander landschap. En zo worden [&hellip;]<\/p>\n","protected":false},"author":1,"featured_media":0,"parent":0,"menu_order":0,"comment_status":"closed","ping_status":"closed","template":"","meta":{"footnotes":""},"class_list":["post-3411","page","type-page","status-publish","hentry"],"_links":{"self":[{"href":"https:\/\/kaasshop.net\/index.php\/wp-json\/wp\/v2\/pages\/3411","targetHints":{"allow":["GET"]}}],"collection":[{"href":"https:\/\/kaasshop.net\/index.php\/wp-json\/wp\/v2\/pages"}],"about":[{"href":"https:\/\/kaasshop.net\/index.php\/wp-json\/wp\/v2\/types\/page"}],"author":[{"embeddable":true,"href":"https:\/\/kaasshop.net\/index.php\/wp-json\/wp\/v2\/users\/1"}],"replies":[{"embeddable":true,"href":"https:\/\/kaasshop.net\/index.php\/wp-json\/wp\/v2\/comments?post=3411"}],"version-history":[{"count":4,"href":"https:\/\/kaasshop.net\/index.php\/wp-json\/wp\/v2\/pages\/3411\/revisions"}],"predecessor-version":[{"id":3456,"href":"https:\/\/kaasshop.net\/index.php\/wp-json\/wp\/v2\/pages\/3411\/revisions\/3456"}],"wp:attachment":[{"href":"https:\/\/kaasshop.net\/index.php\/wp-json\/wp\/v2\/media?parent=3411"}],"curies":[{"name":"wp","href":"https:\/\/api.w.org\/{rel}","templated":true}]}}